{"id":10,"date":"2019-07-23T17:46:57","date_gmt":"2019-07-23T17:46:57","guid":{"rendered":"https:\/\/201907231919.pre.elionter.net\/?page_id=9"},"modified":"2025-01-05T09:47:12","modified_gmt":"2025-01-05T09:47:12","slug":"ueber-mich","status":"publish","type":"page","link":"https:\/\/christinabach.com\/?page_id=10","title":{"rendered":"\u00dcber mich"},"content":{"rendered":"\n<p><strong>Musik als Leidenschaft und Beruf<\/strong><br>Musik begeistert mich seit meiner Kindheit. Mit sieben Jahren begann ich Klavier zu spielen und wusste fr\u00fch, dass ich mein Leben der Musik widmen wollte. Mein Studium an der K\u00f6lner Musikhochschule (<a href=\"https:\/\/www.hfmt-koeln.de\/\">https:\/\/www.hfmt-koeln.de\/<\/a>) schloss ich 1996 als <strong>Diplom-Musikp\u00e4dagogin<\/strong> f\u00fcr Klavier und Allgemeine Musikerziehung (AME) ab.<\/p>\n\n\n\n<p><strong>Kammermusik: Eine Herzensangelegenheit<\/strong><br>Kammermusik ist meine gro\u00dfe Leidenschaft. Mit meinem <strong>Trio Con Brio<\/strong> (1991\u20131996) erhielt ich Unterricht bei Ensembles wie dem Alban-Berg-Quartett und dem Israel-Piano-Trio. 1995 unternahmen wir eine USA-Konzertreise und gewannen den <strong>Schubertpreis<\/strong> der Deutschen Schubert Gesellschaft.<br>Von 2003 bis 2009 war ich Pianistin des Bonner <strong>Trio Literaton<\/strong>, das Literatur und Musik verbindet (<a href=\"http:\/\/www.literaton.de\">www.literaton.de<\/a>). W\u00e4hrend meines Aufenthalts in Seattle (2009\u20132013) gr\u00fcndete ich das <strong>Trio Lexicon<\/strong>, sang im Chor (<a href=\"http:\/\/www.seattlepromusica.org\">www.seattlepromusica.org<\/a>) und spielte weiter Kammermusik.<\/p>\n\n\n\n<p><strong>Musikalische Projekte und Duos<\/strong><br>Seit meiner R\u00fcckkehr nach Bonn 2013 arbeite ich intensiv mit meiner Duopartnerin Dorothea Schridde. Gemeinsam treten wir auch als Quartett mit Marc Jaquet (Kantor Lutherkirche) und Berthold Wicke auf.<br>Seit \u00fcber zehn Jahren bilde ich mit Maria Regina Heyne (Sopran) ein Duo. Unsere thematischen Programme verbinden Gesang, Klaviermusik und Rezitation.<\/p>\n\n\n\n<p><strong>Lehr- und Fortbildungst\u00e4tigkeit<\/strong><br>Meine Unterrichtsmethodik basiert auf kontinuierlicher Weiterbildung:<\/p>\n\n\n\n<p>&#8211; Zertifizierung als Orff-Lehrerin (<a href=\"http:\/\/www.sforff.org\/\">www.sforff.org<\/a>)<br>&#8211; Diploma in Teaching Music to Adults am Goldsmith College, UK, (<a href=\"http:\/\/www.gold.ac.uk\/music\">www.gold.ac.uk\/music<\/a>)<br>&#8211; Unterrichtserfahrung an \u00f6ffentlichen Musikschulen in Euskirchen und Moers (94-2000)<\/p>\n\n\n\n<p>Seit 2000 arbeite ich freiberuflich als Klavierlehrerin. Eine besondere Bereicherung ist meine Ausbildung in Improvisation bei Forrest Kinney (<a href=\"http:\/\/www.patternplay.com\">www.patternplay.com<\/a>), die ich 2012 in den USA begann.<\/p>\n\n\n\n<p><strong>Ein lebendiger, individueller Klavierunterricht<\/strong><br>Meine Erfahrungen als Musikerin, P\u00e4dagogin und Lernende pr\u00e4gen meinen Unterricht und machen ihn lebendig und individuell, um jeden Sch\u00fcler bestm\u00f6glich zu f\u00f6rdern. Seit Oktober 2024 lebe ich mit meinem Mann in Bad Honnef und freue mich, nun hier Klavierunterricht anzubieten.<\/p>\n","protected":false},"excerpt":{"rendered":"<p>Musik als Leidenschaft und BerufMusik begeistert mich seit meiner Kindheit. Mit sieben Jahren begann ich Klavier zu spielen und wusste fr\u00fch, dass ich mein Leben der Musik widmen wollte. Mein Studium an der K\u00f6lner Musikhochschule (https:\/\/www.hfmt-koeln.de\/) schloss ich 1996 als Diplom-Musikp\u00e4dagogin f\u00fcr Klavier und Allgemeine Musikerziehung (AME) ab. Kammermusik: Eine HerzensangelegenheitKammermusik ist meine gro\u00dfe Leidenschaft. &hellip; <\/p>\n<p class=\"link-more\"><a href=\"https:\/\/christinabach.com\/?page_id=10\" class=\"more-link\"><span class=\"screen-reader-text\">\u201e\u00dcber mich\u201c<\/span> weiterlesen<\/a><\/p>\n","protected":false},"author":1,"featured_media":119,"parent":0,"menu_order":0,"comment_status":"closed","ping_status":"closed","template":"","meta":{"footnotes":""},"class_list":["post-10","page","type-page","status-publish","has-post-thumbnail","hentry"],"yoast_head":"<!-- This site is optimized with the Yoast SEO plugin v24.1 - https:\/\/yoast.com\/wordpress\/plugins\/seo\/ -->\n<title>\u00dcber mich - Christina Bach<\/title>\n<meta name=\"description\" content=\"Musikp\u00e4dagogin, passionierte Pianistin und Kammermusikerin mit internationaler Erfahrung \u2013 Christina Bach verbindet Unterricht, Konzerte und kreative Projekte in Bad Honnef\" \/>\n<meta name=\"robots\" content=\"index, follow, max-snippet:-1, max-image-preview:large, max-video-preview:-1\" \/>\n<link rel=\"canonical\" href=\"https:\/\/christinabach.com\/?page_id=10\" \/>\n<meta property=\"og:locale\" content=\"de_DE\" \/>\n<meta property=\"og:type\" content=\"article\" \/>\n<meta property=\"og:title\" content=\"\u00dcber mich - Christina Bach\" \/>\n<meta property=\"og:description\" content=\"Musikp\u00e4dagogin, passionierte Pianistin und Kammermusikerin mit internationaler Erfahrung \u2013 Christina Bach verbindet Unterricht, Konzerte und kreative Projekte in Bad Honnef\" \/>\n<meta property=\"og:url\" content=\"https:\/\/christinabach.com\/?page_id=10\" \/>\n<meta property=\"og:site_name\" content=\"Christina Bach\" \/>\n<meta property=\"article:modified_time\" content=\"2025-01-05T09:47:12+00:00\" \/>\n<meta property=\"og:image\" content=\"https:\/\/christinabach.com\/wp-content\/uploads\/2019\/11\/0215_DSC3089-min.jpg\" \/>\n\t<meta property=\"og:image:width\" content=\"3870\" \/>\n\t<meta property=\"og:image:height\" content=\"2583\" \/>\n\t<meta property=\"og:image:type\" content=\"image\/jpeg\" \/>\n<meta name=\"twitter:card\" content=\"summary_large_image\" \/>\n<meta name=\"twitter:label1\" content=\"Gesch\u00e4tzte Lesezeit\" \/>\n\t<meta name=\"twitter:data1\" content=\"2\u00a0Minuten\" \/>\n<script type=\"application\/ld+json\" class=\"yoast-schema-graph\">{\"@context\":\"https:\/\/schema.org\",\"@graph\":[{\"@type\":\"WebPage\",\"@id\":\"https:\/\/christinabach.com\/?page_id=10\",\"url\":\"https:\/\/christinabach.com\/?page_id=10\",\"name\":\"\u00dcber mich - Christina Bach\",\"isPartOf\":{\"@id\":\"https:\/\/christinabach.com\/#website\"},\"primaryImageOfPage\":{\"@id\":\"https:\/\/christinabach.com\/?page_id=10#primaryimage\"},\"image\":{\"@id\":\"https:\/\/christinabach.com\/?page_id=10#primaryimage\"},\"thumbnailUrl\":\"https:\/\/christinabach.com\/wp-content\/uploads\/2019\/11\/0215_DSC3089-min.jpg\",\"datePublished\":\"2019-07-23T17:46:57+00:00\",\"dateModified\":\"2025-01-05T09:47:12+00:00\",\"description\":\"Musikp\u00e4dagogin, passionierte Pianistin und Kammermusikerin mit internationaler Erfahrung \u2013 Christina Bach verbindet Unterricht, Konzerte und kreative Projekte in Bad Honnef\",\"breadcrumb\":{\"@id\":\"https:\/\/christinabach.com\/?page_id=10#breadcrumb\"},\"inLanguage\":\"de\",\"potentialAction\":[{\"@type\":\"ReadAction\",\"target\":[\"https:\/\/christinabach.com\/?page_id=10\"]}]},{\"@type\":\"ImageObject\",\"inLanguage\":\"de\",\"@id\":\"https:\/\/christinabach.com\/?page_id=10#primaryimage\",\"url\":\"https:\/\/christinabach.com\/wp-content\/uploads\/2019\/11\/0215_DSC3089-min.jpg\",\"contentUrl\":\"https:\/\/christinabach.com\/wp-content\/uploads\/2019\/11\/0215_DSC3089-min.jpg\",\"width\":3870,\"height\":2583},{\"@type\":\"BreadcrumbList\",\"@id\":\"https:\/\/christinabach.com\/?page_id=10#breadcrumb\",\"itemListElement\":[{\"@type\":\"ListItem\",\"position\":1,\"name\":\"Startseite\",\"item\":\"https:\/\/christinabach.com\/\"},{\"@type\":\"ListItem\",\"position\":2,\"name\":\"\u00dcber mich\"}]},{\"@type\":\"WebSite\",\"@id\":\"https:\/\/christinabach.com\/#website\",\"url\":\"https:\/\/christinabach.com\/\",\"name\":\"Christina Bach\",\"description\":\"Musikerin. Pianistin. Musikp\u00e4dagogin. \",\"potentialAction\":[{\"@type\":\"SearchAction\",\"target\":{\"@type\":\"EntryPoint\",\"urlTemplate\":\"https:\/\/christinabach.com\/?s={search_term_string}\"},\"query-input\":{\"@type\":\"PropertyValueSpecification\",\"valueRequired\":true,\"valueName\":\"search_term_string\"}}],\"inLanguage\":\"de\"}]}<\/script>\n<!-- \/ Yoast SEO plugin. -->","yoast_head_json":{"title":"\u00dcber mich - Christina Bach","description":"Musikp\u00e4dagogin, passionierte Pianistin und Kammermusikerin mit internationaler Erfahrung \u2013 Christina Bach verbindet Unterricht, Konzerte und kreative Projekte in Bad Honnef","robots":{"index":"index","follow":"follow","max-snippet":"max-snippet:-1","max-image-preview":"max-image-preview:large","max-video-preview":"max-video-preview:-1"},"canonical":"https:\/\/christinabach.com\/?page_id=10","og_locale":"de_DE","og_type":"article","og_title":"\u00dcber mich - Christina Bach","og_description":"Musikp\u00e4dagogin, passionierte Pianistin und Kammermusikerin mit internationaler Erfahrung \u2013 Christina Bach verbindet Unterricht, Konzerte und kreative Projekte in Bad Honnef","og_url":"https:\/\/christinabach.com\/?page_id=10","og_site_name":"Christina Bach","article_modified_time":"2025-01-05T09:47:12+00:00","og_image":[{"width":3870,"height":2583,"url":"https:\/\/christinabach.com\/wp-content\/uploads\/2019\/11\/0215_DSC3089-min.jpg","type":"image\/jpeg"}],"twitter_card":"summary_large_image","twitter_misc":{"Gesch\u00e4tzte Lesezeit":"2\u00a0Minuten"},"schema":{"@context":"https:\/\/schema.org","@graph":[{"@type":"WebPage","@id":"https:\/\/christinabach.com\/?page_id=10","url":"https:\/\/christinabach.com\/?page_id=10","name":"\u00dcber mich - Christina Bach","isPartOf":{"@id":"https:\/\/christinabach.com\/#website"},"primaryImageOfPage":{"@id":"https:\/\/christinabach.com\/?page_id=10#primaryimage"},"image":{"@id":"https:\/\/christinabach.com\/?page_id=10#primaryimage"},"thumbnailUrl":"https:\/\/christinabach.com\/wp-content\/uploads\/2019\/11\/0215_DSC3089-min.jpg","datePublished":"2019-07-23T17:46:57+00:00","dateModified":"2025-01-05T09:47:12+00:00","description":"Musikp\u00e4dagogin, passionierte Pianistin und Kammermusikerin mit internationaler Erfahrung \u2013 Christina Bach verbindet Unterricht, Konzerte und kreative Projekte in Bad Honnef","breadcrumb":{"@id":"https:\/\/christinabach.com\/?page_id=10#breadcrumb"},"inLanguage":"de","potentialAction":[{"@type":"ReadAction","target":["https:\/\/christinabach.com\/?page_id=10"]}]},{"@type":"ImageObject","inLanguage":"de","@id":"https:\/\/christinabach.com\/?page_id=10#primaryimage","url":"https:\/\/christinabach.com\/wp-content\/uploads\/2019\/11\/0215_DSC3089-min.jpg","contentUrl":"https:\/\/christinabach.com\/wp-content\/uploads\/2019\/11\/0215_DSC3089-min.jpg","width":3870,"height":2583},{"@type":"BreadcrumbList","@id":"https:\/\/christinabach.com\/?page_id=10#breadcrumb","itemListElement":[{"@type":"ListItem","position":1,"name":"Startseite","item":"https:\/\/christinabach.com\/"},{"@type":"ListItem","position":2,"name":"\u00dcber mich"}]},{"@type":"WebSite","@id":"https:\/\/christinabach.com\/#website","url":"https:\/\/christinabach.com\/","name":"Christina Bach","description":"Musikerin. Pianistin. Musikp\u00e4dagogin. ","potentialAction":[{"@type":"SearchAction","target":{"@type":"EntryPoint","urlTemplate":"https:\/\/christinabach.com\/?s={search_term_string}"},"query-input":{"@type":"PropertyValueSpecification","valueRequired":true,"valueName":"search_term_string"}}],"inLanguage":"de"}]}},"_links":{"self":[{"href":"https:\/\/christinabach.com\/index.php?rest_route=\/wp\/v2\/pages\/10","targetHints":{"allow":["GET"]}}],"collection":[{"href":"https:\/\/christinabach.com\/index.php?rest_route=\/wp\/v2\/pages"}],"about":[{"href":"https:\/\/christinabach.com\/index.php?rest_route=\/wp\/v2\/types\/page"}],"author":[{"embeddable":true,"href":"https:\/\/christinabach.com\/index.php?rest_route=\/wp\/v2\/users\/1"}],"replies":[{"embeddable":true,"href":"https:\/\/christinabach.com\/index.php?rest_route=%2Fwp%2Fv2%2Fcomments&post=10"}],"version-history":[{"count":5,"href":"https:\/\/christinabach.com\/index.php?rest_route=\/wp\/v2\/pages\/10\/revisions"}],"predecessor-version":[{"id":205,"href":"https:\/\/christinabach.com\/index.php?rest_route=\/wp\/v2\/pages\/10\/revisions\/205"}],"wp:featuredmedia":[{"embeddable":true,"href":"https:\/\/christinabach.com\/index.php?rest_route=\/wp\/v2\/media\/119"}],"wp:attachment":[{"href":"https:\/\/christinabach.com\/index.php?rest_route=%2Fwp%2Fv2%2Fmedia&parent=10"}],"curies":[{"name":"wp","href":"https:\/\/api.w.org\/{rel}","templated":true}]}}